= -15*b + 68. Let d be z(4). Suppose -d*v - 15 = -11*v. Let x(q) = q**2 - 5*q - 6. Determine x(v).
-6
Let m = 15616 - 46847/3. Let h(x) be the second derivative of -7/2*x**2 + 0 + m*x**3 + 11*x. Calculate h(5).
3
Suppose 3*i + 28 = 5*w + 2, 17 = -3*i - 4*w. Suppose 3*t + n + 0*n = 313, 0 = -3*t - 5*n + 293. Let a(m) = -t - 2*m + 0*m + 50 + 49. Give a(i).
7
Let w(j) = -4*j**3 + 1. Suppose 5*t - 753 - 172 = 0. Let r = t - 184. Calculate w(r).
-3
Let q(j) = -8*j - 1 - 2*j + 2*j - 9*j + 23*j. What is q(-1)?
-7
Suppose 8*u + 70 = 6*u + 9*u. Let z(d) = -d**2 + 9*d + 6. Determine z(u).
-4
Let v(i) = -4*i**2 + 20*i + 2. Let z(n) = 13*n**2 - 791*n - 117. Let y be z(61). Calculate v(y).
2
Suppose 13 = -1003*z + 990*z. Let m(o) = -25*o**2 + 3*o + 4. Give m(z).
-24
Let b(k) = -2*k**2 + 2. Let r(p) = 3*p**2 + p - 4. Suppose 20*v = 5*v + 75. Let j(m) = v*b(m) + 3*r(m). Calculate j(5).
-12
Suppose -34*i + 12 - 87 = -6 + 67. Suppose -4*a = -2*x + 28, 0 = 4*x - 9*x - 5*a + 10. Let j(h) = 1 - x*h + h + h. Give j(i).
17
Let i(l) = 19*l - 29. Let t(f) = 6*f - 11. Let p(v) = -6*i(v) + 17*t(v). Calculate p(3).
-49
Let r(h) be the first derivative of -h**3 + h**2 + 12*h - 134. Let c(w) be the first derivative of r(w). Determine c(-3).
20
Let i = -47 - -58. Suppose -12*a = -i*a - 37. Let h = -37 + a. Let j(t) = t**2 + 2. Give j(h).
2
Let n = 150 - 134. Let h(l) = 12*l + n*l**2 - 12 - 13*l**2 - 15*l**2 + l**3. What is h(11)?
-1
Let c be ((-5)/(-8))/(5305/50928). Let p(l) = -71*l + 417. What is p(c)?
-9
Let t(p) = 2*p - 2. Suppose 3*i - r + 4*r = 51, -5*i + 2*r = -85. Let b = 6390 + -6404. Let n = b + i. What is t(n)?
4
Let l(q) = 280*q + 3378. Let i be l(-12). Let t(m) = m**3 - 19*m**2 + 12*m + 103. What is t(i)?
-5
Let u(o) = -o + 8 + 2*o**2 - 13 + 8. Let r(v) = -v**2 + v. Let w(c) = 4*r(c) + u(c). Suppose 0 = 30*g + 2*g + 96. Calculate w(g).
-24
Let x(l) = 8*l + 57. Suppose 2*b - 5*w + 36 - 51 = 0, -3*w - 61 = 4*b. What is x(b)?
-23
Let p(x) be the second derivative of -x**4/24 + x**3/2 + 21*x**2/2 + 26*x. Let q(a) be the first derivative of p(a). Suppose 61 = 8*f + 29. Give q(f).
-1
Let g = 30 + -10. Let d be ((-8)/g)/(1/(-10)). Suppose 0 = d*c - 8*c - 16. Let t(p) = p**3 + 5*p**2 + 4*p - 2. What is t(c)?
-2
Let s(x) be the third derivative of -x**5/60 - 19*x**4/24 + 5*x**3/3 - 255*x**2 + 2*x. Calculate s(-20).
-10
Suppose 2*r - 40 = -2*c, -4*r - 45 + 5 = -4*c. Suppose 0*h - c*h = 75. Let t(g) = -2*g**2 - 6*g + 6. Calculate t(h).
-14
Let j(a) = 4*a + 7. Let i(d) = 2*d + 4. Let t(n) = 10*i(n) - 6*j(n). Let s be 0 - (-3 + (-42)/(-7)). Calculate t(s).
10
Let d(o) = -7*o + 22. Let m(y) be the second derivative of -4*y**3/3 + 27*y**2/2 + 136*y. Let f(k) = 5*d(k) - 4*m(k). Determine f(-2).
8
Let p(b) = -11*b**2 + 94*b - 115. Let s(a) = 6*a**2 - 48*a + 68. Let y(f) = -3*p(f) - 5*s(f). Calculate y(14).
5
Let t(z) = -2*z**2 - 18*z + 37. Let j(o) = -o**2 - o + 78. Let l(h) = j(h) - t(h). Give l(-17).
41
Let b(p) = -4*p**2 - 9*p - 3. Let f be b(-7). Let o be (3 - 95/35) + f/(-14). Suppose 0 = 2*r - o + 22. Let s(m) = -m**3 - 6*m**2 - m + 1. Calculate s(r).
7
Let d(a) = a**3 - 62*a**2 - 141*a + 839. Let l be d(64). Let r(p) = -3 + 0*p - 3 + p. Determine r(l).
1
Let v(d) = 3*d + 4. Let i(g) = -10*g - 12. Let w(y) = -3*i(y) - 8*v(y). Let z = -5 - 0. What is w(z)?
-26
Let w be (50 - 49)/((-382)/(-380) + -1). Let c be (0 + -2)*38/w*-15. Let i(y) = y**2 - 3*y - 8. Determine i(c).
10
Let k(v) = 5*v - 18. Suppose 0 = -20*g + 84 - 24. Give k(g).
-3
Suppose -30 = -8*p + 26. Let o(b) = 3*b - 25. What is o(p)?
-4
Let x(b) = -2*b + 2. Suppose v + 11 = -2*l, l - 3*l - 14 = 4*v. Let n be (v - -1)/((-2)/5*-5). Give x(n).
2
Let p be (-518)/182 - -3 - 5029/(-13). Let j = p - 384. Let q(x) = -x**2 + 1. What is q(j)?
-8
Let k = -9383 + 9388. Let p(f) = -11*f + 29. Determine p(k).
-26
Let i be (-112)/(-32)*(-6)/(-7). Let t(z) = 9*z**2 - 6 - z**i + 9 - 1 + 8*z + 5. Calculate t(10).
-13
Suppose -41 = -3*v + 4*v. Let j = 51 + v. Let h(m) = j + 1 - 39*m + 40*m. What is h(-8)?
3
Let h(t) be the third derivative of t**4/2 + 43*t**3/6 - 2*t**2 - 721. What is h(-4)?
-5
Let l(c) = 365*c - 364*c - 3*c**2 + 467 - c**3 - 468. Give l(2).
-19
Let w = -3360 + 3362. Let i(x) = 2*x**3 - x**2 + 2*x - 1. Determine i(w).
15
Let o(a) = a**2 + a + 1. Let g = -8734 - -8739. Calculate o(g).
31
Let o(m) = 13*m**2 + 8*m + 36. Let y(i) = 7*i**2 + 4*i + 19. Let d(b) = -6*o(b) + 11*y(b). Calculate d(-3).
-4
Let q(g) = -290*g + 2 - 238*g - g**3 + 8*g**2 + 522*g. Let i be (2/6)/(3/63). Determine q(i).
9
Let y = 163 - 157. Let h(q) = -1868*q - y*q**2 + 1868*q. What is h(1)?
-6
Let m(d) = 46*d**3 - 30*d**2 - 4*d. Let w(n) = 12*n**3 - 8*n**2 - n. Let g(i) = -3*m(i) + 11*w(i). Calculate g(-2).
54
Let i(x) = -3*x**3 + 9*x**2 + 19*x - 7. Let f(o) = 4*o**3 - 14*o**2 - 28*o + 10. Let s = 113 - 120. Let y(a) = s*i(a) - 5*f(a). What is y(-6)?
-7
Let c(m) = 4*m - 6. Let j(i) = -13*i + 17. Let o(h) = 11*c(h) + 4*j(h). Let y be 75/21 + ((-72)/(-21))/(-6). Let d be (-30)/6 + y + -2 + 7. Calculate o(d).
-22
Let w(a) = -2*a**2 - 243*a + 374. Let s be w(-123). Let j(r) = -2*r**3 + 7*r**2 + 3*r. Calculate j(s).
-60
Let m(r) = 26*r + 130. Let d(j) = 3*j + 14. Let v(b) = -9*d(b) + m(b). Let c = 6 - 4. Let s(u) = -2*u. Let a be s(c). Calculate v(a).
8
Let o(p) = -16*p. Let i be (2/(-6) - 10/(-12))*2. Let m be -1 + (-1)/i + (1 - -2). Determine o(m).
-16
Let p(q) = 4*q**2 + 2*q - 2. Let b(x) = -3*x**2 - 8*x + 2. Let a be b(-2). Suppose 16*t = 14*t + 4*i - a, 0 = 2*i - 4. Give p(t).
4
Let k be (-6)/4*(-1 - 1). Let o be 4/((k - 4)*(-4)/4). Let l(a) = 16*a**2 - 5*a**2 + a + o*a**3 - 10*a**2. Give l(-1).
-4
Let d = 17 + -17. Let g be (d - -28)/(-4)*108/(-14). Let l(q) = 52*q**2 - g*q**2 - 5*q - 1 + 4*q. What is l(-1)?
-2
Let b(m) = 5*m**2 - 3*m - 3. Let z(s) = -11*s**2 + 7*s + 5. Let o(g) = 9*b(g) + 4*z(g). Let c(h) = 168*h + 164. Let y be c(-1). Determine o(y).
5
Let x = 30 + -29. Let l(r) = 4*r - 9. Let w be l(3). Let q(o) = -12*o + 5*o + 4*o**w + 4 - 3 + 6*o. Calculate q(x).
4
Let s(j) = 6*j**2 + 33*j + 1. Let i(n) = 8*n**2 + 50*n. Let a(g) = -5*i(g) + 7*s(g). Determine a(8).
-17
Let r(i) be the third derivative of -i**6/120 - 23*i**5/60 + 11*i**4/12 - 55*i**3/6 - 91*i**2. Give r(-24).
-7
Let x = 86 + -57. Let k(a) = 32*a - 60*a + 9 + x*a. What is k(-7)?
2
Suppose -52*x - 204 = -80 + 448. Let o(w) = -w**3 - 12*w**2 - 12*w - 1. Calculate o(x).
10
Let u(c) = -c**3 + 2*c**2 + 2*c + 15. Let s be u(0). Let i(v) = v**2 - 18*v + 42. Let o be i(s). Let y(r) = -r - 6. What is y(o)?
-3
Let v(o) = o**3 - 29*o**2 - 23*o - 211. Let l be v(30). Let h(s) = -8*s**3 - 2*s**2 + 16*s + 17. Calculate h(l).
7
Let n(o) = -o**2 - 68*o + 135. Let u be n(2). Let m(p) = 5*p**2 + 2*p - 3. Give m(u).
112
Let h = 215 + -209. Suppose 2*l = h - 20. Let a(y) = y + 17. What is a(l)?
10
Let l(r) be the third derivative of r**6/60 + r**5/60 + r**4/24 - 4*r**2. Suppose 6 - 24 = 3*c. Let g(p) = 5*p + 28. Let o be g(c). Determine l(o).
-14
Suppose p - 2*k + 2 = 0, 10*p - 6*p = 4*k. Let z = p + -5. Let c(f) = -5*f - 3. Let y(s) = 5*s + 3. Let t(r) = -6*c(r) - 5*y(r). Calculate t(z).
-12
Let u = 25 - 67. Let f = -34 - u. Let p(s) = -s**3 + 8*s**2 + 3*s - 3. Calculate p(f).
21
Let s(y) be the first derivative of y**4/4 + 34*y**3/3 + 33*y**2/2 + 2*y - 181. Let f be s(-33). Let n(d) = -3*d**2 + 3*d - 2. What is n(f)?
-8
Let n(c) = -23*c**2 - 1. Suppose 2*u + 167 = -329. Let l = 152 + u. Let x = l + 97. Calculate n(x).
-24
Let t(i) = 5*i + 40. Let a be t(-8). Suppose -s = 3 - 5. Let k(p) = p + s*p - 4*p + 7. Give k(a).
7
Let s(i) = -10*i + 33. Suppose 3*t - 15 = 0, -1416 = -b - t - 1405. Determine s(b).
-27
Let m be 4/(-3)*6/4. Let x(i) = 2*i**2 - 1 + 26*i**2 + i + 6*i**2 - i**2 - 27*i**2 + 0. Give x(m).
21
Let o(f) = f**3 - 4*f**2 - 12*f + 1. Let h = 27 + -21. Let d be o(h). Let u(z) = 8*z + d - 16*z + 9*z + 7*z. What is u(3)?
25
Let j(u) = -11*u - 46. Suppose -2*p = -3*h, 2*h - 94*p - 10 = -91*p. Calculate j(h).
-2
Let l(n) = 2*n**2 + 28*n - 549. Let o be l(-25). Let c(s) = -102*s**2 - 3*s + 3. Give c(o).
-102
Suppose 4*r + 48 = -4*x, 0 = -5*r + 3*x - 21 + 1. Let o(h) = -h**2 - 5*h + 9. Determine o(r).
-5
Let d(y) = 66*y - 471. Let v be d(7). Let p(c) = c**3 + 8*c**2 - 13*c - 9. Give p(